t of (-120*(-2)/12*-148)/(-1)?
0
Let x(c) be the first derivative of -c**3/3 - 11*c**2/2 - 6*c - 16. Let z be x(-8). Let w = z - -45. What is the units digit of w?
3
Let s(i) = 829*i + 400. What is the tens digit of s(11)?
1
Let q(h) = 7898*h**2 + 18*h + 5. What is the thousands digit of q(1)?
7
Let o be (-2)/(-5) + 22/(-55). Suppose -m - 2*n + 54 = o, -3*m = -3*n - 2*n - 184. Suppose 2*h - m = -5*a + 308, h - 72 = -a. What is the units digit of a?
4
Let q(i) = -i**2 - 11*i + 31. Let c be q(-13). Let p be c/(-1*(-3 - -4)). Let y(w) = -w**3 - w**2 - w - 1. What is the hundreds digit of y(p)?
1
Suppose 4*j = -2*q + 2*j + 4, -5*j = 3*q. Suppose -q*t + d - 3*d + 9 = 0, -9 = 3*d. Let c(u) = 2*u**2 + u + 3. What is the tens digit of c(t)?
2
Let i(a) = 3*a**3 - 17*a**2 + 25*a - 189. What is the units digit of i(12)?
7
Suppose -33 = 33*q - 0. What is the tens digit of (-3 - -4)/(q/(-38))?
3
Let w(d) = -55*d + 51*d + 64*d - 5*d - 209 + 33*d. What is the thousands digit of w(21)?
1
What is the hundreds digit of -13 - -7 - -8 - 1*4 - -17839?
8
Let m(i) = 2113*i - 220. Let u be m(8). Suppose 14*p - u - 1530 = 0. What is the units digit of p?
1
Suppose 0 = 5*z + 10. Let c be z*(-1 + 2)*(-6636)/24. Let j = c - 349. What is the hundreds digit of j?
2
Let y(t) = 7*t**2 + 5. Let q(z) = z**2 + z. Let r(a) = -6*q(a) + y(a). Let s be r(4). Let p = s - -12. What is the units digit of p?
9
Suppose 103079 = 3*y - 2*o, -52*o + 55*o - 6 = 0. What is the thousands digit of y?
4
Let q(d) be the third derivative of d**4/24 - d**3/6 + 20*d**2. Let j be q(7). Let p = 84 - j. What is the tens digit of p?
7
Let o = 77586 + -38978. What is the units digit of o?
8
Let q = -470 + 45. Let p = -28 - q. What is the tens digit of p?
9
Suppose 0 = 9*o - 3*y - 81657, -5*o - 5*y + 22282 = -23123. What is the tens digit of o?
7
Suppose 0 = 6*p - 3413 - 5431. What is the hundreds digit of p?
4
Suppose -3*k - 65 = 7. Let z(r) = -r**3 - 25*r**2 - 23*r + 48. Let u be z(k). Suppose -u*p = -33*p + 576. What is the units digit of p?
4
Suppose 0 = 5*h + 7*b - 3*b - 129746, -129752 = -5*h - 3*b. What is the thousands digit of h?
5
Let f = -68569 + 123241. What is the units digit of f?
2
Suppose 0 = 5*c + 2*u - 11, 3 = -c - 7*u + 4*u. Suppose -p + 5 = c. Suppose -219 = -p*k - 3*i, i - 2*i - 590 = -5*k. What is the units digit of k?
7
Suppose 2*k - 54956 = -3*z, 0 = -4*k + 10*z - 14*z + 109916. What is the ten thousands digit of k?
2
Suppose 2*w = 2*u + 6, 4*u = 2 + 6. Suppose 4*t - 7*x = -10*x + 1611, -w*x + 2020 = 5*t. What is the tens digit of t?
9
Let w be (-432)/(-3 + -1) + 0 - -3. Suppose 0 = 10*h + 31 - w. Suppose -h*d + 480 = -3*d. What is the tens digit of d?
9
Let f = 406 - 592. Let k(a) = -39*a + 1. Let y be k(7). Let n = f - y. What is the tens digit of n?
8
Suppose 148 = -0*j + 4*j. Let n(p) = 62*p**3 + p**2 + 18*p - 18. Let l be n(1). Let v = l - j. What is the tens digit of v?
2
Suppose 4*a + 2992 = 4*s, a + 4*s + 2976 = -3*a. What is the tens digit of (a + -12)*(3/2 - 2)?
7
Suppose 0*z - 4841 = -z - i, -6 = i. What is the thousands digit of z?
4
Suppose 0 = 4*i - 4, 3*l + l - i = -1937. Let w = -163 - l. Let d = w + -127. What is the hundreds digit of d?
1
Suppose 23*k + 61*k - 1382873 = 4891. What is the hundreds digit of k?
5
Suppose -b = -3*l - 2*l - 59, 0 = -4*b + 3*l + 151. Suppose -31 - 121 = 8*g. Let d = b + g. What is the units digit of d?
5
Let x = 12 - 78. Let k be (4/6)/(-6 - 816/(-135)). Let u = k - x. What is the tens digit of u?
8
Suppose 13*y - 3*y = 5*y. Suppose -u + 3 + 4 = y. Suppose u*l = l + 474. What is the tens digit of l?
7
Let h be -1*(-2)/4*(26 - 14). What is the units digit of (h - (-2)/(-1))*(-9291)/(-228)?
3
Suppose 0 = 5*h + 25, 4*h + 10572 = 3*v - 22556. Suppose -24*w + v = 7*w. What is the hundreds digit of w?
3
Suppose 5*r + 673 = b, 5*b - 2070 = 2*b - 2*r. Suppose -v = 3*m - 2*m - 697, -b = -v - 4*m. What is the units digit of v?
0
Let d = 69 - 79. Let f be d/(-9 + 4)*10/4. Suppose f*s - 151 = -i + 3*s, 121 = i - 4*s. What is the tens digit of i?
4
Let t = 3255 - -4942. What is the hundreds digit of t?
1
Suppose -w = -5*c - 2679, -2*c - 3635 = -w - 968. Suppose 0 = 5*f - 2*h - w, h + 2657 = -f + 6*f. What is the units digit of f?
1
Let o be (-6*4/(-18)*3)/(-2). Let i be o/12 + (-392)/(-48). Suppose i*j = -j + 288. What is the units digit of j?
2
Suppose -30*i - 56111 = -16*i - 145277. What is the units digit of i?
9
Let j = -1535 - -163. Let o be j/(-63) - (-2)/9. Let d(y) = y**3 - 21*y**2 - 20*y + 5. What is the units digit of d(o)?
9
Suppose -101*o - 3*y + 24239 = -97*o, 4*y - 12112 = -2*o. What is the tens digit of o?
6
Let b be 1/6 - ((-30338)/(-12))/7. Let n = b + 887. What is the tens digit of n?
2
Suppose 6 = x - 2*h, 7 = 4*x - 3*h - 2. Suppose x*d = -d + 2*w + 6, -3*d = -3*w - 6. What is the units digit of (d + 6)/(4/86)?
6
Let s be (111/(-9))/((-3)/9). Suppose 38*r = s*r + 2. Suppose -5*d - 5*i = -485, r*d - i - 204 = 2*i. What is the units digit of d?
9
Let r(i) = -i**3 - 10*i**2 + 8*i - 22. Let k be r(-11). Suppose 27 = 4*j + k. Suppose -j*f = -138 - 162. What is the units digit of f?
5
Suppose 22*q + 412*q = 14239540. What is the tens digit of q?
1
Let h(m) = -5*m + 4. Let q be h(1). What is the units digit of (-466)/6*(13 - 10)*q?
3
Let x(j) be the third derivative of -197*j**6/120 - j**5/20 - j**4/24 + j**3/3 + 2*j**2. Suppose 0 = 102*k - 107*k - 5. What is the tens digit of x(k)?
9
Let t(b) = -68*b**2 - 8*b + 8. Let m be t(4). What is the hundreds digit of m/(2 - 4/1)?
5
Suppose -26*n + 20*n = -18. Suppose -3*z = -n*s - 813, s + 421 = 3*z - 402. What is the tens digit of z?
7
Suppose 0 = -9607*y + 9611*y - b - 165910, 5*y = -5*b + 207350. What is the units digit of y?
6
Suppose 4*v - 31208 = -4*l, 4*l - 3*v - 24401 - 6786 = 0. What is the hundreds digit of l?
7
Let m be (-7 - (-2044)/(-6))*-6. Suppose m = 6*o - 5414. What is the hundreds digit of o?
2
Let z = 849 - 567. Suppose -s - 5*w = -z, 0 = -s - 3*w + 380 - 92. What is the hundreds digit of s?
2
What is the units digit of 11/(154/(-84)) + 16650?
4
Suppose 31*w = 31238 - 8577. What is the hundreds digit of w?
7
Let d = 10563 + 4293. What is the tens digit of d?
5
Suppose -58*g + 566696 = 13615 - 158115. What is the hundreds digit of g?
2
Let f = 71 - 130. Let a = f - -189. What is the tens digit of a?
3
Let r be (3 - 2)/((-34)/(-136)). Let m(n) = -n**3 - 4*n**2 + 2. Let a be m(-4). Suppose 115 = 3*h - a*h - r*u, -4*u = 4*h - 380. What is the units digit of h?
9
Let z(j) = -3*j + 3. Let v be z(0). Suppose -4*s = -3*w + 14, 2*w = -s - v + 5. Let q(g) = 11*g + 2. What is the tens digit of q(w)?
2
Let y = -36022 + 51630. What is the ten thousands digit of y?
1
Let y(w) be the second derivative of 5*w**3/6 - 22*w. Let q be y(0). Suppose q = a - 3*a + 246. What is the hundreds digit of a?
1
Suppose -h + a + 30600 - 4160 = 0, 3*a - 132200 = -5*h. What is the thousands digit of h?
6
Let n(y) be the second derivative of 3*y**3/2 - 3*y**2/2 + 10*y. Let r be n(-4). Let l = r - -56. What is the tens digit of l?
1
What is the tens digit of 24/420*-7*-35545?
1
Let w(c) = -4*c**3 - 117*c**2 + 36*c + 243. What is the units digit of w(-38)?
5
Suppose -10*l - 9567 = -3*c - 7*l, -4*l = 3*c - 9574. Suppose 30*o = 8*o + c. What is the units digit of o?
5
Let l be 5 + -1 - -1 - (-65 + 65). Suppose 0 = l*o - o - 2096. What is the units digit of o?
4
Suppose 15*b = -23*b + 24054. Let o = -140 + b. What is the units digit of o?
3
Let z = 602 - 239. Let u be ((-12)/8 - -3)/(2*21/(-5936)). Let m = z + u. What is the hundreds digit of m?
1
Let a be (-14 - -11)/((-3)/20). Let x = a + -13. Let o = 46 + x. What is the units digit of o?
3
Let r = -151 - -263. Suppose -3*y - 3 = 5*k - r, -3*y - k = -101. Suppose o + 4 = y. What is the units digit of o?
9
Let j(m) = -98*m + 13. Let q be j(-3). Let s = -129 + q. What is the units digit of s?
8
Let a be (-12 + 14)/((6/9)/1). Suppose 4*h + 16 = a*s, 0*s = 4*h + 2*s - 4. What is the tens digit of (8*(h + -1))/(96/(-864))?
4
Let q(b) = b**2 - b - 89. Let i be q(0). Suppose 4*u - 36 = 3*s - 5, 35 = 5*u - 3*s. What is the tens digit of u/1 + i*(-7 - -6)?
9
Let o(q) = -52*q - 46. Let v be o(-14). Suppose -g - 2*p + v = g, 5*g - p = 1705. Let y = 600 - g. What is th